s 125 divide 6625?
True
Does 20 divide 655?
False
Is 25190 a multiple of 110?
True
Does 13 divide 2509?
True
Does 41 divide 697?
True
Is 5005 a multiple of 112?
False
Does 71 divide 13561?
True
Does 167 divide 56112?
True
Is 32843 a multiple of 32?
False
Is 2845 a multiple of 4?
False
Does 7 divide 5398?
False
Does 8 divide 306?
False
Is 5635 a multiple of 49?
True
Is 2033 a multiple of 107?
True
Is 4686 a multiple of 11?
True
Is 65 a multiple of 13?
True
Is 26 a factor of 4550?
True
Is 165962 a multiple of 95?
False
Does 3 divide 1377?
True
Is 300 a multiple of 20?
True
Is 26895 a multiple of 27?
False
Is 4506 a multiple of 5?
False
Is 4766 a multiple of 129?
False
Is 24 a factor of 9528?
True
Does 27 divide 12609?
True
Is 12 a factor of 129?
False
Is 17 a factor of 557?
False
Does 29 divide 261?
True
Is 50997 a multiple of 61?
False
Does 37 divide 926?
False
Is 143 a multiple of 4?
False
Is 6310 a multiple of 44?
False
Does 125 divide 5188?
False
Does 62 divide 1674?
True
Is 11289 a multiple of 159?
True
Is 33 a factor of 363?
True
Does 11 divide 1282?
False
Does 75 divide 5337?
False
Is 70 a multiple of 10?
True
Is 1149 a multiple of 26?
False
Does 144 divide 1872?
True
Is 28 a factor of 810?
False
Does 12 divide 371?
False
Does 13 divide 4918?
False
Does 52 divide 15704?
True
Does 239 divide 27416?
False
Is 608 a multiple of 32?
True
Is 1093 even?
False
Is 7 a factor of 1498?
True
Is 7095 a multiple of 129?
True
Does 15 divide 6030?
True
Is 9 a factor of 92?
False
Is 8591 a multiple of 10?
False
Is 25 a factor of 2600?
True
Does 12 divide 2811?
False
Is 4 a factor of 1333?
False
Does 10 divide 873?
False
Is 41 a factor of 3189?
False
Is 1176 a multiple of 21?
True
Is 7780 a multiple of 75?
False
Is 12 a factor of 7560?
True
Is 91 a factor of 1183?
True
Is 6345 a multiple of 27?
True
Does 31 divide 1705?
True
Does 9 divide 5697?
True
Is 92 a factor of 828?
True
Is 1776 a multiple of 16?
True
Is 6 a factor of 3696?
True
Does 9 divide 276?
False
Is 129 a factor of 23736?
True
Is 22071 a multiple of 112?
False
Does 13 divide 4043?
True
Is 1780 a multiple of 20?
True
Is 4322 a multiple of 19?
False
Does 64 divide 7552?
True
Does 20 divide 5180?
True
Is 327 a multiple of 2?
False
Is 8 a factor of 10112?
True
Is 4191 a multiple of 28?
False
Does 38 divide 770?
False
Does 14 divide 14?
True
Is 2910 a multiple of 35?
False
Does 19 divide 45245?
False
Is 791 a multiple of 14?
False
Is 1210 a multiple of 22?
True
Does 8 divide 280?
True
Is 1665 a multiple of 15?
True
Is 2110 a multiple of 13?
False
Does 13 divide 6290?
False
Does 115 divide 1610?
True
Is 140 a factor of 20696?
False
Is 1017 a multiple of 8?
False
Is 11 a factor of 44654?
False
Is 851 a multiple of 37?
True
Is 240 a multiple of 8?
True
Does 24 divide 12720?
True
Is 25 a factor of 1250?
True
Does 18 divide 684?
True
Does 47 divide 15745?
True
Does 4 divide 3920?
True
Is 228 a multiple of 19?
True
Does 23 divide 37214?
True
Is 17 a multiple of 17?
True
Is 38 a factor of 2546?
True
Does 28 divide 896?
True
Is 11 a factor of 107053?
False
Is 5130 a multiple of 11?
False
Is 21 a factor of 22323?
True
Is 171 a multiple of 19?
True
Is 17515 a multiple of 10?
False
Is 9 a factor of 990?
True
Is 3060 a multiple of 90?
True
Is 75 a factor of 2986?
False
Is 4592 a multiple of 8?
True
Is 78 even?
True
Does 31 divide 29089?
False
Is 15 a factor of 30893?
False
Does 13 divide 527?
False
Does 17 divide 12709?
False
Does 34 divide 5399?
False
Is 17 a factor of 1275?
True
Is 90 a factor of 64426?
False
Does 11 divide 25432?
True
Is 6933 a multiple of 26?
False
Is 3417 a multiple of 67?
True
Is 7 a factor of 469?
True
Is 7 a factor of 476?
True
Does 6 divide 12240?
True
Does 3 divide 266?
False
Is 3756 a multiple of 18?
False
Is 948 a multiple of 158?
True
Is 1269 a multiple of 27?
True
Is 21 a factor of 5467?
False
Does 20 divide 81007?
False
Is 110 a factor of 3564?
False
Is 152 a multiple of 19?
True
Is 61251 a multiple of 17?
True
Is 20 a factor of 386?
False
Does 11 divide 933?
False
Does 9 divide 3402?
True
Is 3473 a multiple of 56?
False
Is 61797 a multiple of 5?
False
Is 62 a factor of 10726?
True
Is 19 a factor of 352?
False
Does 34 divide 4689?
False
Is 21 a factor of 1428?
True
Does 2 divide 78?
True
Is 266 a multiple of 20?
False
Is 1980 a multiple of 20?
True
Does 22 divide 53636?
True
Is 12418 a multiple of 165?
False
Does 28 divide 4585?
False
Is 123635 a multiple of 313?
True
Is 26 a factor of 832?
True
Is 53 a factor of 1007?
True
Is 11 a factor of 27221?
False
Does 5 divide 570?
True
Is 86 a factor of 9804?
True
Is 3 a factor of 324?
True
Is 184 a multiple of 2?
True
Does 103 divide 4938?
False
Is 11 a factor of 3136?
False
Is 10023 a multiple of 39?
True
Is 16 a factor of 473?
False
Does 8 divide 8?
True
Does 135 divide 102060?
True
Is 16 a factor of 4484?
False
Is 4373 a multiple of 11?
False
Is 980 a multiple of 20?
True
Is 3 a factor of 239?
False
Does 47 divide 12643?
True
Is 4 a factor of 46?
False
Does 69 divide 65826?
True
Does 140 divide 17113?
False
Is 1656 a multiple of 92?
True
Is 26385 a multiple of 51?
False
Is 315 a multiple of 5?
True
Does 157 divide 1401?
False
Does 18 divide 4388?
False
Does 13 divide 4612?
False
Does 30 divide 600?
True
Does 19 divide 73?
False
Is 2022 a multiple of 3?
True
Is 5054 a multiple of 5?
False
Does 15 divide 9918?
False
Does 13 divide 3328?
True
Does 19 divide 893?
True
Is 37 a factor of 666?
True
Does 37 divide 4200?
False
Is 10 a factor of 4780?
True
Does 14 divide 1683?
False
Is 883 a multiple of 23?
False
Does 95 divide 760?
True
Is 50 a factor of 5100?
True
Is 696 a multiple of 6?
True
Is 2629 a multiple of 2?
False
Is 31 a factor of 65?
False
Does 101 divide 3138?
False
Is 23 a factor of 3411?
False
Is 70 a factor of 439?
False
Does 12 divide 3408?
True
Is 12 a factor of 312?
True
Does 31 divide 217?
True
Is 10220 a multiple of 14?
True
Does 147 divide 11319?
True
Does 76 divide 152?
True
Is 21 a factor of 65541?
True
Does 6 divide 480?
True
Does 52 divide 1031?
False
Is 36 a factor of 14662?
False
Does 15 divide 155899?
False
Is 1000 a multiple of 6?
False
Is 14504 a multiple of 23?
False
Is 169 a multiple of 12?
False
Is 862 a multiple of 8?
False
Is 18 a factor of 13033?
False
Does 2 divide 353?
False
Does 86 divide 50826?
True
Is 408 a multiple of 51?
True
Does 16 divide 1464?
False
Is 9235 a multiple of 61?
False
Is 517 a multiple of 7?
False
Does 204 divide 10785?
False
Is 71 a multiple of 2?
False
Does 43 divide 668?
False
Does 8 divide 13368?
True
Is 13 a factor of 18590?
True
Is 13 a factor of 195?
True
Is 1289 a multiple of 34?
False
Is 55 a factor of 61874?
False
Does 20 divide 740?
True
Is 41 a factor of 5932?
False
Does 17 divide 46325?
True
Is 45 a factor of 12510?
True
Is 109 a factor of 44643?
False
Is 15 a factor of 9122?
False
Is 12 a factor of 11568?
True
Is 18 a factor of 2051?
False
Does 113 divide 13658?
False
Does 46 divide 13686?
False
Is 65 a factor of 2163?
False
Is 17652 a multiple of 12?
True
Is 750 a multiple of 50?
True
Is 12 a factor of 11700?
True
Is 2238 a multiple of 22?
False
Is 646 a multiple of 19?
True
Is 32 a factor of 256?
True
Is 2 a factor of 987?
False
Does 22 divide 1298?
True
Does 203 divide 5481?
True
Is 5 a factor of 4655?
True
Is 56056 a multiple of 89?
False
Does 467 divide 13143?
False
Is 1947 a multiple of 15?
False
Is 3519 a multiple of 51?
True
Is 6 a factor of 638?
False
Is 48 a factor of 60078?
False
Is 8986 a multiple of 162?
False
Is 10 a factor of 2174?
False
Does 25 divide 126738?
False
Does 7 divide 3270?
False
Is 20 a factor of 39200?
True
Is 15 a factor of 563?
False
Is 12 a factor of 1012?
False
Does 88 divide 176?
True
Does 84 divide 35028?
True
Is 5 a factor of 25575?
True
Is 57 a factor of 926?
False
Is 217 a factor of 10850?
True
Is 4585 a multiple of 19?
False
Does 6 divide 180?
True
Is 5 a factor of 255?
True
Is 13 a factor of 364?
True
Does 2 divide 2738?
True
Is 1219 a multiple of 53?
True
Does 30 divide 1620?
True
Is 117 a factor of 11700?
True
Is 120 a multiple of 6?
True
Does 9 divide 7039?
False
Is 46 a factor of 14731?
False
Is 20126 a multiple of 12?
False
Is 2948 a multiple of 64?
False
Does 7 divide 5726?
True
Is 11 a factor of 772?
False
Is 1892 a m